. What is i(7)?
-8
Let s(u) = 5*u - 13. What is s(7)?
22
Let r(g) = g**3 + 10*g**2 + 3*g + 30. Calculate r(-10).
0
Let h(p) = -113*p - 117. What is h(-1)?
-4
Let i(w) = -2*w**2 + 13*w - 14. Calculate i(6).
-8
Let r(w) = -13*w - 745. Calculate r(-57).
-4
Let w(n) = -n**2 + 11*n + 127. What is w(18)?
1
Let y(m) = -m**3 + 4*m**2 + 15*m + 12. Determine y(-1).
2
Let d(p) = -6*p - 9. Give d(7).
-51
Let m(u) = -12*u + 105. Determine m(9).
-3
Let p(g) = g**3 + 9*g**2 - 5*g - 54. Give p(-9).
-9
Let d(n) = 54*n**2 + 4*n - 5. Give d(1).
53
Let c(n) = 8*n**2 - 2*n + 5. Determine c(2).
33
Let b(s) = -s**2 - 17*s + 13. Determine b(-17).
13
Let b(r) = -r**2 - 4*r + 13. What is b(-4)?
13
Let c(x) = x**2 - 7*x - 21. Give c(8).
-13
Let j(w) = -2*w**2 - 3*w. Give j(4).
-44
Let u(g) = -g**3 + 30*g**2 + 2*g - 67. Give u(30).
-7
Let s(c) = c**2 - 3*c - 57. Calculate s(-6).
-3
Let n(a) = 7*a**3 + 3*a + 7. Give n(-2).
-55
Let l(k) = -2*k**3 + 37*k**2 - 19*k + 13. Calculate l(18).
-5
Let a(x) = -2*x**2 + 4*x. Give a(3).
-6
Let p(q) = -19*q**2 - q - 1. Calculate p(2).
-79
Let v(z) = 2*z + 8. Calculate v(-4).
0
Let s(z) = -5*z - 144. What is s(-10)?
-94
Let g(s) = s**2 + 5*s. Calculate g(-6).
6
Let q(r) = -36*r + 612. Determine q(17).
0
Let y(o) = 9*o**3 - o**2 + 4*o - 4. What is y(2)?
72
Let k(r) = 18*r + 18. Determine k(-3).
-36
Let b(p) = -2*p + 3. Give b(-3).
9
Let y(w) = 9*w - 46. Calculate y(6).
8
Let i(b) = b**3 - 5*b**2 - 5*b - 8. What is i(6)?
-2
Let t(y) = y**2 + 9*y + 6. What is t(-10)?
16
Let b(d) = 3*d + 6. Determine b(0).
6
Let c(q) = q**2 + 7*q + 1. Calculate c(-7).
1
Let d(c) = c**3 - 3*c - 3. Determine d(3).
15
Let u(j) = -2*j - 3. Give u(-6).
9
Let z(b) = b**3 - 8*b**2 + 16*b - 8. What is z(6)?
16
Let d(t) = -129*t + 1. Calculate d(-1).
130
Let a(b) = -b**2 - 7*b - 7. Give a(-9).
-25
Let y(k) = -k**2 + 17*k + 59. Calculate y(19).
21
Let t(j) = -j**2 - 14*j - 10. What is t(-13)?
3
Let p(w) = 3*w**2 - 30*w + 58. Give p(2).
10
Let y(w) = -5*w - 4. What is y(5)?
-29
Let b(a) = 3*a**3 + a**2 - a. Determine b(2).
26
Let q(x) = -13*x**2 + 2*x + 2. Calculate q(-2).
-54
Let j(a) = -a**3 + 7*a**2 - 13*a + 92. Calculate j(7).
1
Let n(a) = -28*a + 1. Calculate n(4).
-111
Let k(x) = 3*x - 8. Calculate k(7).
13
Let o(d) = -d**3 + 3*d**2 + 1. Calculate o(3).
1
Let n(r) = -r**2 - 7. Determine n(0).
-7
Let r(f) = 3*f - 14. Determine r(16).
34
Let p(b) = -b**2 - 18*b - 74. Calculate p(-8).
6
Let k(n) = 2*n + 38. Calculate k(-15).
8
Let p(w) = -26*w - 2. Determine p(-1).
24
Let t(h) = h**2 + 4*h - 8. Determine t(2).
4
Let c(b) = b**3 + b**2 + 30. Determine c(0).
30
Let y(u) = 7*u**3 - u**2 - u + 1. What is y(2)?
51
Let n(b) = -8*b**2 + 2*b + 2. Give n(-1).
-8
Let y(a) = -9*a + 63. What is y(7)?
0
Let x(v) = v**3 + 12*v**2 - 11*v + 18. Calculate x(-13).
-8
Let i(w) = 5*w + 7. What is i(7)?
42
Let z(l) = 3*l + 15. Calculate z(-11).
-18
Let g(t) = -t**3 - 8*t**2 - 5*t - 7. Determine g(-8).
33
Let q(p) = 2*p**3 - 89*p**2 - 49*p + 184. What is q(45)?
4
Let s(o) = -o**2 - 3*o + 4. What is s(-10)?
-66
Let p(r) = -3*r + 4. Determine p(8).
-20
Let f(z) = -3*z**2 + 13*z + 14. Give f(-1).
-2
Let m(w) = -w**3 + 5*w**2 + 2*w + 5. Determine m(6).
-19
Let q(r) = -6*r - 161. Determine q(-26).
-5
Let y(f) = 23*f + 1. Determine y(-1).
-22
Let p(u) = -u**2 + 9*u - 8. Give p(7).
6
Let k(p) = p**2 + 21*p - 21. What is k(-15)?
-111
Let s(h) = -h**2 - 25*h - 49. Give s(-23).
-3
Let w(l) = -5*l**2 + 5*l - 4. Determine w(3).
-34
Let w(a) = a**3 - 27*a**2 - 56*a - 65. Give w(29).
-7
Let y(n) = -3*n**3 - 19*n**2 - 5*n. Calculate y(-6).
-6
Let o(h) = -h**3 + 6*h**2 + 9*h - 1. Calculate o(7).
13
Let y(m) = -m**3 + 5*m**2 - 2*m - 5. Determine y(5).
-15
Let r(f) = 2*f**2 - 4*f - 5. Determine r(4).
11
Let g(m) = -2*m**3 + 11*m**2 - 20*m + 1. What is g(5)?
-74
Let d(j) = 21*j + 2. Calculate d(-1).
-19
Let q(u) = u**2 - 39. What is q(0)?
-39
Let m(k) = 9*k + 5. Determine m(-7).
-58
Let k(a) = -4*a + 9. What is k(-3)?
21
Let d(x) = x**3 + 27*x**2 - 28*x + 4. Give d(-28).
4
Let g(f) = 6*f**2 - f - 1. Determine g(3).
50
Let v(o) = -o**3 + 3*o**2 + 4*o + 4. Calculate v(4).
4
Let s(l) = l**3 + 5*l - 4. Give s(3).
38
Let p(x) = -x**2 - 3*x + 12. Determine p(-6).
-6
Let c(p) = 4*p - 15. Give c(-8).
-47
Let v(m) = 3*m + 19. Give v(-8).
-5
Let w(j) = -6*j + 1. What is w(2)?
-11
Let m(c) = 2*c**2 + 31*c + 103. Give m(-10).
-7
Let g(q) = -q**3 + 38*q**2 + 4*q - 162. Give g(38).
-10
Let n(r) = r**2 + r + 3. Calculate n(-4).
15
Let v(j) = -j**3 - 5*j**2 + 3*j + 12. Calculate v(-5).
-3
Let u(n) = 2*n - 59. Determine u(0).
-59
Let p(c) = 14*c**3 - c**2 - c. Give p(-1).
-14
Let m(u) = -u + 6. What is m(-7)?
13
Let j(u) = -3*u**3 - 3*u**2 - 2*u - 6. Give j(-3).
54
Let h(a) = a**3 - a**2 + a + 14. What is h(0)?
14
Let w(b) = -b**2 - 2*b - 15. Calculate w(6).
-63
Let p(a) = a**3 + 10*a**2 + 4*a - 6. Calculate p(-9).
39
Let s(p) = -5*p + 28. Calculate s(6).
-2
Let n(b) = b**3 + 8*b**2 + 19*b + 9. Determine n(-5).
-11
Let h(i) = -i**2 + 6*i + 2. Determine h(6).
2
Let k(n) = -7*n - 21. Calculate k(-3).
0
Let u(b) = b**2 - b - 5. Give u(9).
67
Let m(p) = p**2 + 9*p + 3. Give m(-8).
-5
Let r(d) = d**3 + 4*d**2 + 7*d + 10. Calculate r(-6).
-104
Let z(x) = -x**3 - 11*x**2 - 10*x. What is z(-10)?
0
Let b(y) = -3*y + 10. Calculate b(5).
-5
Let t(x) = -12*x**2 - 3*x - 8. Determine t(4).
-212
Let s(u) = u**2 - 13*u + 6. What is s(10)?
-24
Let a(i) = -2*i + 18. Determine a(6).
6
Let o(j) = -j**2 - j - 1. Calculate o(0).
-1
Let m(w) = -w**2 - 13*w + 43. Determine m(-16).
-5
Let k(s) = -s**2 + 29*s - 163. Give k(22).
-9
Let z(k) = -k**3 - 2*k**2 - 13*k. Calculate z(0).
0
Let y(h) = -h**3 - 7*h**2 + 4*h + 1. Calculate y(-8).
33
Let g(l) = -l**2 - 13*l + 1. Calculate g(-13).
1
Let j(a) = -a**3 + 8*a**2 - 15*a + 14. What is j(6)?
-4
Let m(u) = -u**3 + u**2 - u - 155. What is m(0)?
-155
Let n(s) = -18*s - 120. Determine n(-5).
-30
Let s(i) = -i**2 + 5*i + 22. Calculate s(-3).
-2
Let y(p) = -2*p + 57. Determine y(-9).
75
Let g(f) = -55*f - 97. What is g(-2)?
13
Let p(t) = -t**3 - 6*t**2 + 14*t - 11. Give p(-8).
5
Let u(g) = -42*g**2 + g. Determine u(1).
-41
Let o(i) = 4*i + 7. Give o(6).
31
Let w(k) = -3*k**2 + 8*k + 9. Give w(2).
13
Let r(z) = -2*z**2 - 23*z - 42. Give r(-9).
3
Let u(o) = -3*o + 15. Calculate u(-8).
39
Let w(x) = x**3 - x**2 - x + 121. Give w(0).
121
Let n(g) = -22*g + 3. What is n(-4)?
91
Let a(d) = -2*d**2 + 8*d + 1. Calculate a(-4).
-63
Let h(d) = d**2 - 11*d + 11. Calculate h(7).
-17
Let d(a) = a**3 + a**2 + 2*a + 3. Calculate d(0).
3
Let x(g) = -8*g + 84. Determine x(7).
28
Let c(n) = -2*n**2 - 9*n - 10. What is c(-5)?
-15
Let q(u) = 9*u - 14. Calculate q(9).
67
Let d(b) = -b**3 + 5*b**2 - 5*b + 7. Give d(3).
10
Let i(w) = -w + 13. What is i(6)?
7
Let y(o) = 7*o + 88. Give y(-13).
-3
Let f(t) = -4*t**2 + 20*t - 6. Calculate f(0).
-6
Let b(u) = -u**3 - 35*u**2 - 34*u + 19. Give b(-34).
19
Let o(m) = -m**3 + 3*m**2 + 8*m + 12. What is o(5)?
2
Let t(g) = g**3 - 8*g**2 + 3*g - 19. What is t(8)?
5
Let x(w) = w**3 + 22*w**2 + 24*w + 12. What is x(-21)?
-51
Let x(q) = -2*q**3 + 20*q**2 + q - 8. Calculate x(10).
2
Let v(z) = z**3 - 5*z**2 + 9*z - 6. Calculate v(4).
14
Let o(a) = -a**2 - 12*a + 40. Calculate o(-14).
12
Let u(r) = 3*r**2 - 19*r - 14. Calculate u(7).
0
Let v(k) = k + 12. Calculate v(7).
19
Let j(q) = 3*q + 15. What is j(-6)?
-3
Let z(f) = f**3 + 14*f**2 + 10*f - 26. What is z(-13)?
13
Let n(z) = 5*z**3 + 3*z**2 - 3*z - 5. Give n(-2).
-27
Let q(f) = 4*f**2 - f - 1. Give q(-2).
17
Let y(f) = -f**2 - 67*f - 878. What is y(-49)?
4
Let r(b) = -12*b - 435. Calculate r(-36).
-3
Let r(i) = 11*i + 7. Give r(-3).
-26
Let w(f) = f**2 + 6*f + 21. What is w(-6)?
21
Let o(k) = -k**3 - 6*k**2 - 10*k - 3. What is o(-2)?
1
Let h(m) = -2*m - 47. Determine h(-20).
-7
Let x(j) = -2*j**3 - 11*j**2 - 2*j + 11. Calculate x(-5).
-4
Let t(q) = -46*q + 469. Determine t(10).
9
Let y(f) = 2*f**2 - 19*f - 6. What is y(9)?
-15
Let d(g) = g**3 + 20*g**2 + 33*g - 43. Give d(-18).
11
Let q(c) = -2*c**3 + 4*c**2 + c. What is q(3)?
-15
Let w(y) = -7*y**3 + 2*y + 2. Determine w(-1).
7
Let p(r) = -r**2 + 13*r - 21. Calculate p(10).
9
Let j(i) = i**3 - 4*i**2 + 3*i + 4. Determine j(5).
44
Let q(u) = -4*u - 90. Calculate q(-20).
-10
Let m(l) = l*